[INFO] fetching crate kekbit-core 0.2.2...
[INFO] building kekbit-core-0.2.2 against master#881c1ac408d93bb7adaa3a51dabab9266e82eee8 for issue-85264
[INFO] extracting crate kekbit-core 0.2.2 into /workspace/builds/worker-9/source
[INFO] validating manifest of crates.io crate kekbit-core 0.2.2 on toolchain 881c1ac408d93bb7adaa3a51dabab9266e82eee8
[INFO] running `Command { std: "/workspace/cargo-home/bin/cargo" "+881c1ac408d93bb7adaa3a51dabab9266e82eee8" "metadata" "--manifest-path" "Cargo.toml" "--no-deps", kill_on_drop: false }`
[INFO] started tweaking crates.io crate kekbit-core 0.2.2
[INFO] finished tweaking crates.io crate kekbit-core 0.2.2
[INFO] tweaked toml for crates.io crate kekbit-core 0.2.2 written to /workspace/builds/worker-9/source/Cargo.toml
[INFO] crate crates.io crate kekbit-core 0.2.2 already has a lockfile, it will not be regenerated
[INFO] running `Command { std: "/workspace/cargo-home/bin/cargo" "+881c1ac408d93bb7adaa3a51dabab9266e82eee8" "fetch" "--manifest-path" "Cargo.toml", kill_on_drop: false }`
[INFO] [stderr]  Downloading crates ...
[INFO] [stderr]   Downloaded hermit-abi v0.1.7
[INFO] [stderr]   Downloaded simple_logger v1.5.0
[INFO] [stderr]   Downloaded colored v1.9.2
[INFO] [stderr]   Downloaded kekbit-codecs v0.1.0
[INFO] running `Command { std: "docker" "create" "-v" "/var/lib/crater-agent-workspace/builds/worker-9/target:/opt/rustwide/target:rw,Z" "-v" "/var/lib/crater-agent-workspace/builds/worker-9/source:/opt/rustwide/workdir:ro,Z" "-v" "/var/lib/crater-agent-workspace/cargo-home:/opt/rustwide/cargo-home:ro,Z" "-v" "/var/lib/crater-agent-workspace/rustup-home:/opt/rustwide/rustup-home:ro,Z" "-e" "SOURCE_DIR=/opt/rustwide/workdir" "-e" "CARGO_TARGET_DIR=/opt/rustwide/target" "-e" "CARGO_HOME=/opt/rustwide/cargo-home" "-e" "RUSTUP_HOME=/opt/rustwide/rustup-home" "-w" "/opt/rustwide/workdir" "-m" "1610612736" "--user" "0:0" "--network" "none" "ghcr.io/rust-lang/crates-build-env/linux@sha256:20528e8c29e4536546f0102ce88568b16ea7538393a33fcca951030f7af10457" "/opt/rustwide/cargo-home/bin/cargo" "+881c1ac408d93bb7adaa3a51dabab9266e82eee8" "metadata" "--no-deps" "--format-version=1", kill_on_drop: false }`
[INFO] [stdout] d8facf9f262326a9755905c5e2339a77995632b100f0ec000dec49ffda64a932
[INFO] [stderr] WARNING: Your kernel does not support swap limit capabilities or the cgroup is not mounted. Memory limited without swap.
[INFO] running `Command { std: "docker" "start" "-a" "d8facf9f262326a9755905c5e2339a77995632b100f0ec000dec49ffda64a932", kill_on_drop: false }`
[INFO] running `Command { std: "docker" "inspect" "d8facf9f262326a9755905c5e2339a77995632b100f0ec000dec49ffda64a932", kill_on_drop: false }`
[INFO] running `Command { std: "docker" "rm" "-f" "d8facf9f262326a9755905c5e2339a77995632b100f0ec000dec49ffda64a932", kill_on_drop: false }`
[INFO] [stdout] d8facf9f262326a9755905c5e2339a77995632b100f0ec000dec49ffda64a932
[INFO] running `Command { std: "docker" "create" "-v" "/var/lib/crater-agent-workspace/builds/worker-9/target:/opt/rustwide/target:rw,Z" "-v" "/var/lib/crater-agent-workspace/builds/worker-9/source:/opt/rustwide/workdir:ro,Z" "-v" "/var/lib/crater-agent-workspace/cargo-home:/opt/rustwide/cargo-home:ro,Z" "-v" "/var/lib/crater-agent-workspace/rustup-home:/opt/rustwide/rustup-home:ro,Z" "-e" "SOURCE_DIR=/opt/rustwide/workdir" "-e" "CARGO_TARGET_DIR=/opt/rustwide/target" "-e" "CARGO_INCREMENTAL=0" "-e" "RUST_BACKTRACE=full" "-e" "RUSTFLAGS=--cap-lints=forbid" "-e" "CARGO_HOME=/opt/rustwide/cargo-home" "-e" "RUSTUP_HOME=/opt/rustwide/rustup-home" "-w" "/opt/rustwide/workdir" "-m" "1610612736" "--user" "0:0" "--network" "none" "ghcr.io/rust-lang/crates-build-env/linux@sha256:20528e8c29e4536546f0102ce88568b16ea7538393a33fcca951030f7af10457" "/opt/rustwide/cargo-home/bin/cargo" "+881c1ac408d93bb7adaa3a51dabab9266e82eee8" "build" "--frozen" "--message-format=json", kill_on_drop: false }`
[INFO] [stdout] db798d699750e5b6b64d9202252d902b55641f32c3cd1ecd6b2f27837f1e9482
[INFO] [stderr] WARNING: Your kernel does not support swap limit capabilities or the cgroup is not mounted. Memory limited without swap.
[INFO] running `Command { std: "docker" "start" "-a" "db798d699750e5b6b64d9202252d902b55641f32c3cd1ecd6b2f27837f1e9482", kill_on_drop: false }`
[INFO] [stderr]    Compiling log v0.4.8
[INFO] [stderr]    Compiling libc v0.2.66
[INFO] [stderr]    Compiling cfg-if v0.1.10
[INFO] [stderr]    Compiling kekbit-codecs v0.1.0
[INFO] [stderr]    Compiling memmap v0.7.0
[INFO] [stderr]    Compiling kekbit-core v0.2.2 (/opt/rustwide/workdir)
[INFO] [stderr]     Finished dev [unoptimized + debuginfo] target(s) in 4.38s
[INFO] running `Command { std: "docker" "inspect" "db798d699750e5b6b64d9202252d902b55641f32c3cd1ecd6b2f27837f1e9482", kill_on_drop: false }`
[INFO] running `Command { std: "docker" "rm" "-f" "db798d699750e5b6b64d9202252d902b55641f32c3cd1ecd6b2f27837f1e9482", kill_on_drop: false }`
[INFO] [stdout] db798d699750e5b6b64d9202252d902b55641f32c3cd1ecd6b2f27837f1e9482
[INFO] running `Command { std: "docker" "create" "-v" "/var/lib/crater-agent-workspace/builds/worker-9/target:/opt/rustwide/target:rw,Z" "-v" "/var/lib/crater-agent-workspace/builds/worker-9/source:/opt/rustwide/workdir:ro,Z" "-v" "/var/lib/crater-agent-workspace/cargo-home:/opt/rustwide/cargo-home:ro,Z" "-v" "/var/lib/crater-agent-workspace/rustup-home:/opt/rustwide/rustup-home:ro,Z" "-e" "SOURCE_DIR=/opt/rustwide/workdir" "-e" "CARGO_TARGET_DIR=/opt/rustwide/target" "-e" "CARGO_INCREMENTAL=0" "-e" "RUST_BACKTRACE=full" "-e" "RUSTFLAGS=--cap-lints=forbid" "-e" "CARGO_HOME=/opt/rustwide/cargo-home" "-e" "RUSTUP_HOME=/opt/rustwide/rustup-home" "-w" "/opt/rustwide/workdir" "-m" "1610612736" "--user" "0:0" "--network" "none" "ghcr.io/rust-lang/crates-build-env/linux@sha256:20528e8c29e4536546f0102ce88568b16ea7538393a33fcca951030f7af10457" "/opt/rustwide/cargo-home/bin/cargo" "+881c1ac408d93bb7adaa3a51dabab9266e82eee8" "test" "--frozen" "--no-run" "--message-format=json", kill_on_drop: false }`
[INFO] [stdout] f8daac5ea598b8569abc3e06b07424de1499e5fac3638f238ddebb745035ff2a
[INFO] [stderr] WARNING: Your kernel does not support swap limit capabilities or the cgroup is not mounted. Memory limited without swap.
[INFO] running `Command { std: "docker" "start" "-a" "f8daac5ea598b8569abc3e06b07424de1499e5fac3638f238ddebb745035ff2a", kill_on_drop: false }`
[INFO] [stderr]    Compiling autocfg v0.1.7
[INFO] [stderr]    Compiling autocfg v1.0.0
[INFO] [stderr]    Compiling lazy_static v1.4.0
[INFO] [stderr]    Compiling semver-parser v0.7.0
[INFO] [stderr]    Compiling scopeguard v1.1.0
[INFO] [stderr]    Compiling remove_dir_all v0.5.2
[INFO] [stderr]    Compiling void v1.0.2
[INFO] [stderr]    Compiling assert_matches v1.3.0
[INFO] [stderr]    Compiling time v0.1.42
[INFO] [stderr]    Compiling atty v0.2.14
[INFO] [stderr]    Compiling rand v0.4.6
[INFO] [stderr]    Compiling colored v1.9.2
[INFO] [stderr]    Compiling nix v0.17.0
[INFO] [stderr]    Compiling semver v0.9.0
[INFO] [stderr]    Compiling num-traits v0.2.11
[INFO] [stderr]    Compiling num-integer v0.1.42
[INFO] [stderr]    Compiling crossbeam-utils v0.7.0
[INFO] [stderr]    Compiling crossbeam-epoch v0.8.0
[INFO] [stderr]    Compiling rustc_version v0.2.3
[INFO] [stderr]    Compiling tempdir v0.3.7
[INFO] [stderr]    Compiling memoffset v0.5.3
[INFO] [stderr]    Compiling crossbeam-channel v0.4.0
[INFO] [stderr]    Compiling crossbeam-queue v0.2.1
[INFO] [stderr]    Compiling crossbeam-deque v0.7.2
[INFO] [stderr]    Compiling chrono v0.4.10
[INFO] [stderr]    Compiling crossbeam v0.7.3
[INFO] [stderr]    Compiling simple_logger v1.5.0
[INFO] [stderr]    Compiling kekbit-core v0.2.2 (/opt/rustwide/workdir)
[INFO] [stdout] error[E0659]: `assert_matches` is ambiguous (glob import vs any other name from outer scope during import/macro resolution)
[INFO] [stdout]    --> src/shm.rs:410:9
[INFO] [stdout]     |
[INFO] [stdout] 410 |         assert_matches!(reader.move_to(4), Err(InvalidPosition::Unaligned { position: 4 }));
[INFO] [stdout]     |         ^^^^^^^^^^^^^^ ambiguous name
[INFO] [stdout]     |
[INFO] [stdout]     = note: `assert_matches` could refer to a macro from prelude
[INFO] [stdout] note: `assert_matches` could also refer to the macro imported here
[INFO] [stdout]    --> src/shm.rs:248:9
[INFO] [stdout]     |
[INFO] [stdout] 248 |     use assert_matches::*;
[INFO] [stdout]     |         ^^^^^^^^^^^^^^^^^
[INFO] [stdout]     = help: consider adding an explicit import of `assert_matches` to disambiguate
[INFO] [stdout]     = help: or use `self::assert_matches` to refer to this macro unambiguously
[INFO] [stdout] 
[INFO] [stdout] 
[INFO] [stdout] error[E0659]: `assert_matches` is ambiguous (glob import vs any other name from outer scope during import/macro resolution)
[INFO] [stdout]    --> src/shm.rs:411:9
[INFO] [stdout]     |
[INFO] [stdout] 411 |         assert_matches!(reader.move_to(45680), Err(InvalidPosition::Unavailable { position: 45680 })); //to big
[INFO] [stdout]     |         ^^^^^^^^^^^^^^ ambiguous name
[INFO] [stdout]     |
[INFO] [stdout]     = note: `assert_matches` could refer to a macro from prelude
[INFO] [stdout] note: `assert_matches` could also refer to the macro imported here
[INFO] [stdout]    --> src/shm.rs:248:9
[INFO] [stdout]     |
[INFO] [stdout] 248 |     use assert_matches::*;
[INFO] [stdout]     |         ^^^^^^^^^^^^^^^^^
[INFO] [stdout]     = help: consider adding an explicit import of `assert_matches` to disambiguate
[INFO] [stdout]     = help: or use `self::assert_matches` to refer to this macro unambiguously
[INFO] [stdout] 
[INFO] [stdout] 
[INFO] [stdout] error[E0659]: `assert_matches` is ambiguous (glob import vs any other name from outer scope during import/macro resolution)
[INFO] [stdout]    --> src/shm.rs:412:9
[INFO] [stdout]     |
[INFO] [stdout] 412 |         assert_matches!(reader.move_to(999), Err(InvalidPosition::Unaligned { position: 999 })); //unaligned
[INFO] [stdout]     |         ^^^^^^^^^^^^^^ ambiguous name
[INFO] [stdout]     |
[INFO] [stdout]     = note: `assert_matches` could refer to a macro from prelude
[INFO] [stdout] note: `assert_matches` could also refer to the macro imported here
[INFO] [stdout]    --> src/shm.rs:248:9
[INFO] [stdout]     |
[INFO] [stdout] 248 |     use assert_matches::*;
[INFO] [stdout]     |         ^^^^^^^^^^^^^^^^^
[INFO] [stdout]     = help: consider adding an explicit import of `assert_matches` to disambiguate
[INFO] [stdout]     = help: or use `self::assert_matches` to refer to this macro unambiguously
[INFO] [stdout] 
[INFO] [stdout] 
[INFO] [stdout] error[E0659]: `assert_matches` is ambiguous (glob import vs any other name from outer scope during import/macro resolution)
[INFO] [stdout]    --> src/shm.rs:415:9
[INFO] [stdout]     |
[INFO] [stdout] 415 |         assert_matches!(reader.move_to(64), Err(InvalidPosition::Unaligned { position: 64 })); //between records
[INFO] [stdout]     |         ^^^^^^^^^^^^^^ ambiguous name
[INFO] [stdout]     |
[INFO] [stdout]     = note: `assert_matches` could refer to a macro from prelude
[INFO] [stdout] note: `assert_matches` could also refer to the macro imported here
[INFO] [stdout]    --> src/shm.rs:248:9
[INFO] [stdout]     |
[INFO] [stdout] 248 |     use assert_matches::*;
[INFO] [stdout]     |         ^^^^^^^^^^^^^^^^^
[INFO] [stdout]     = help: consider adding an explicit import of `assert_matches` to disambiguate
[INFO] [stdout]     = help: or use `self::assert_matches` to refer to this macro unambiguously
[INFO] [stdout] 
[INFO] [stdout] 
[INFO] [stdout] error[E0659]: `assert_matches` is ambiguous (glob import vs any other name from outer scope during import/macro resolution)
[INFO] [stdout]    --> src/shm.rs:417:9
[INFO] [stdout]     |
[INFO] [stdout] 417 |         assert_matches!(reader.move_to(832), Err(InvalidPosition::Unavailable { position: 832 }));
[INFO] [stdout]     |         ^^^^^^^^^^^^^^ ambiguous name
[INFO] [stdout]     |
[INFO] [stdout]     = note: `assert_matches` could refer to a macro from prelude
[INFO] [stdout] note: `assert_matches` could also refer to the macro imported here
[INFO] [stdout]    --> src/shm.rs:248:9
[INFO] [stdout]     |
[INFO] [stdout] 248 |     use assert_matches::*;
[INFO] [stdout]     |         ^^^^^^^^^^^^^^^^^
[INFO] [stdout]     = help: consider adding an explicit import of `assert_matches` to disambiguate
[INFO] [stdout]     = help: or use `self::assert_matches` to refer to this macro unambiguously
[INFO] [stdout] 
[INFO] [stdout] 
[INFO] [stdout] error: aborting due to 5 previous errors
[INFO] [stdout] 
[INFO] [stdout] 
[INFO] [stdout] For more information about this error, try `rustc --explain E0659`.
[INFO] [stdout] 
[INFO] [stderr] error: could not compile `kekbit-core`
[INFO] [stderr] 
[INFO] [stderr] To learn more, run the command again with --verbose.
[INFO] [stderr] warning: build failed, waiting for other jobs to finish...
[INFO] [stderr] error: build failed
[INFO] running `Command { std: "docker" "inspect" "f8daac5ea598b8569abc3e06b07424de1499e5fac3638f238ddebb745035ff2a", kill_on_drop: false }`
[INFO] running `Command { std: "docker" "rm" "-f" "f8daac5ea598b8569abc3e06b07424de1499e5fac3638f238ddebb745035ff2a", kill_on_drop: false }`
[INFO] [stdout] f8daac5ea598b8569abc3e06b07424de1499e5fac3638f238ddebb745035ff2a
